{"id":3,"date":"2024-02-07T11:30:11","date_gmt":"2024-02-07T10:30:11","guid":{"rendered":"http:\/\/top5complements.com\/?page_id=3"},"modified":"2025-02-05T09:20:33","modified_gmt":"2025-02-05T08:20:33","slug":"politique-de-confidentialite","status":"publish","type":"page","link":"https:\/\/top5complements.com\/index.php\/politique-de-confidentialite\/","title":{"rendered":"Politique de confidentialit\u00e9"},"content":{"rendered":"\n<h2 class=\"wp-block-heading\">Qui sommes-nous&nbsp;?<\/h2>\n\n\n\n<p>L\u2019adresse de notre site est&nbsp;: https:\/\/top5complements.com.<\/p>\n\n\n\n<p>Quelles donn\u00e9es priv\u00e9es conservons-nous et pourquoi nous les utilisons:<\/p>\n\n\n\n<h2 class=\"wp-block-heading\">Commentaires<\/h2>\n\n\n\n<p>Nous avons choisi de d\u00e9sactiver les commentaires sur nos publications, aucune information ne sera donc collect\u00e9e ici.<\/p>\n\n\n\n<h2 class=\"wp-block-heading\">M\u00e9dias<\/h2>\n\n\n\n<p><strong>Formulaires de contact<\/strong><\/p>\n\n\n\n<p>Si vous nous contactez via la page de contact de notre site, nous vous r\u00e9pondrons en utilisant l&rsquo;adresse e-mail que vous nous avez fournie. Cela ne vous abonnera PAS \u00e0 une newsletter et nous ne fournirons PAS vos coordonn\u00e9es \u00e0 d\u2019autres tiers.<\/p>\n\n\n\n<h2 class=\"wp-block-heading\">Cookies<\/h2>\n\n\n\n<p>Nous pla\u00e7ons des cookies sur quelques-unes de nos pages afin de suivre les r\u00e9sultats de notre trafic payant provenant de Facebook, Google et d&rsquo;autres sources.<\/p>\n\n\n\n<p>Cela nous permet de voir si les gens cliquent sur notre site, et s&rsquo;ils vont plus loin ou non, et nous permettent de prendre des d\u00e9cisions plus \u00e9clair\u00e9es.<\/p>\n\n\n\n<p>Nous ne communiquons aucune information priv\u00e9e \u00e0 ce sujet et nous ne transmettons pas nos pixels \u00e0 des tiers.<\/p>\n\n\n\n<h2 class=\"wp-block-heading\">Connection<\/h2>\n\n\n\n<p>Lorsque vous vous connectez, nous mettons \u00e9galement en place plusieurs cookies pour conserver vos informations de connexion et vos pr\u00e9f\u00e9rences d&rsquo;affichage \u00e0 l&rsquo;\u00e9cran. Les cookies de connexion durent 2 jours et les cookies de pr\u00e9f\u00e9rences d&rsquo;\u00e9cran durent 12 mois. Si vous cochez \u00ab Se souvenir de moi \u00bb, votre connexion persistera pendant quinze jours. Si vous vous d\u00e9connectez de votre compte, les cookies de connexion seront supprim\u00e9s.<\/p>\n\n\n\n<p>Si vous modifiez ou publiez un article, un cookie suppl\u00e9mentaire sera enregistr\u00e9 dans votre navigateur. Ce cookie n&rsquo;inclut aucune information personnelle et indique simplement l&rsquo;identifiant de l&rsquo;article de blog que vous venez de modifier. Il est retir\u00e9 apr\u00e8s 1 jour.<\/p>\n\n\n\n<h2 class=\"wp-block-heading\">Contenu int\u00e9gr\u00e9 depuis d\u2019autres sites<\/h2>\n\n\n\n<p>Les publications sur ce site Web peuvent inclure du contenu int\u00e9gr\u00e9 (par exemple des vid\u00e9os, des images, des articles, etc.). Le contenu int\u00e9gr\u00e9 d\u2019autres sites Web se comporte exactement de la m\u00eame mani\u00e8re que si le visiteur avait visit\u00e9 l\u2019autre site Web.<\/p>\n\n\n\n<p>Ces sites Web peuvent obtenir des informations sur vous, utiliser des cookies, int\u00e9grer un suivi tiers suppl\u00e9mentaire et surveiller votre interaction avec ce contenu int\u00e9gr\u00e9, notamment en analysant votre interaction avec le contenu int\u00e9gr\u00e9 si vous disposez d&rsquo;un compte et \u00eates connect\u00e9 \u00e0 ce site.<\/p>\n\n\n\n<h2 class=\"wp-block-heading\">Analytique<\/h2>\n\n\n\n<p>Avec qui partageons-nous vos donn\u00e9es? Nous ne partageons pas d&rsquo;informations avec des tiers, mais nous pla\u00e7ons des pixels Facebook et\/ou Google afin de pouvoir suivre les performances de nos publicit\u00e9s payantes.<\/p>\n\n\n\n<p>Cela ne nous donne aucune information personnelle mais nous permet de faire de meilleurs choix en fonction de la tendance g\u00e9n\u00e9rale.<\/p>\n\n\n\n<h2 class=\"wp-block-heading\">Dur\u00e9es de stockage de vos donn\u00e9es<\/h2>\n\n\n\n<p>Si vous laissez un commentaire, le commentaire et ses m\u00e9tadonn\u00e9es sont stock\u00e9s ind\u00e9finiment. Cela nous permet de reconna\u00eetre et d&rsquo;approuver automatiquement tous les commentaires suivants au lieu de les conserver dans une file d&rsquo;attente de mod\u00e9ration.<\/p>\n\n\n\n<p>Pour les personnes qui s&rsquo;inscrivent sur notre site (le cas \u00e9ch\u00e9ant), nous conservons \u00e9galement les donn\u00e9es personnelles qu&rsquo;elles nous communiquent dans leur profil d&rsquo;utilisateur.<\/p>\n\n\n\n<p>Tous les utilisateurs peuvent voir, modifier ou effacer leurs informations personnelles \u00e0 tout moment (sauf qu&rsquo;ils ne peuvent pas changer leur nom d&rsquo;utilisateur). L&rsquo;administrateur du site Web peut \u00e9galement afficher et mettre \u00e0 jour ces d\u00e9tails.<\/p>\n\n\n\n<h2 class=\"wp-block-heading\">Les droits que vous avez sur vos donn\u00e9es<\/h2>\n\n\n\n<p>Si vous avez un profil sur ce site Web ou si vous avez laiss\u00e9 des commentaires (actuellement d\u00e9sactiv\u00e9s), vous pouvez demander \u00e0 obtenir un fichier export\u00e9 des donn\u00e9es personnelles que nous d\u00e9tenons \u00e0 votre sujet, y compris toutes les donn\u00e9es que vous nous avez fournies.<\/p>\n\n\n\n<p>Vous pouvez \u00e9galement demander que nous supprimions toutes les informations priv\u00e9es que nous d\u00e9tenons \u00e0 votre sujet.<\/p>\n\n\n\n<p>Cela exclut toute information que nous sommes tenus de conserver \u00e0 des fins administratives, juridiques ou de s\u00e9curit\u00e9.<\/p>\n\n\n\n<h2 class=\"wp-block-heading\">Questions<\/h2>\n\n\n\n<p>Si vous avez des questions sur cette politique de confidentialit\u00e9 ou sur les pratiques de confidentialit\u00e9 de Your Journey Brands, veuillez nous contacter \u00e0 :<\/p>\n\n\n\n<p>Your Journey Brands<\/p>\n\n\n\n<p>IFZA Business Zone, silicon oasis<\/p>\n\n\n\n<p>Dubai, United Arab Emirates<\/p>\n\n\n\n<p>Courriel : info@top5supplements.com<\/p>\n\n\n\n<p><\/p>\n","protected":false},"excerpt":{"rendered":"<p>Qui sommes-nous&nbsp;? L\u2019adresse de notre site est&nbsp;: https:\/\/top5complements.com. Quelles donn\u00e9es priv\u00e9es conservons-nous et pourquoi nous les utilisons: Commentaires Nous avons choisi de d\u00e9sactiver les commentaires sur nos publications, aucune information ne sera donc collect\u00e9e ici. M\u00e9dias Formulaires de contact Si vous nous contactez via la page de contact de notre site, nous vous r\u00e9pondrons en<\/p>\n","protected":false},"author":1,"featured_media":0,"parent":0,"menu_order":0,"comment_status":"closed","ping_status":"open","template":"","meta":{"om_disable_all_campaigns":false,"_monsterinsights_skip_tracking":false,"_monsterinsights_sitenote_active":false,"_monsterinsights_sitenote_note":"","_monsterinsights_sitenote_category":0,"footnotes":""},"class_list":["post-3","page","type-page","status-publish"],"aioseo_notices":[],"_links":{"self":[{"href":"https:\/\/top5complements.com\/index.php\/wp-json\/wp\/v2\/pages\/3","targetHints":{"allow":["GET"]}}],"collection":[{"href":"https:\/\/top5complements.com\/index.php\/wp-json\/wp\/v2\/pages"}],"about":[{"href":"https:\/\/top5complements.com\/index.php\/wp-json\/wp\/v2\/types\/page"}],"author":[{"embeddable":true,"href":"https:\/\/top5complements.com\/index.php\/wp-json\/wp\/v2\/users\/1"}],"replies":[{"embeddable":true,"href":"https:\/\/top5complements.com\/index.php\/wp-json\/wp\/v2\/comments?post=3"}],"version-history":[{"count":4,"href":"https:\/\/top5complements.com\/index.php\/wp-json\/wp\/v2\/pages\/3\/revisions"}],"predecessor-version":[{"id":126,"href":"https:\/\/top5complements.com\/index.php\/wp-json\/wp\/v2\/pages\/3\/revisions\/126"}],"wp:attachment":[{"href":"https:\/\/top5complements.com\/index.php\/wp-json\/wp\/v2\/media?parent=3"}],"curies":[{"name":"wp","href":"https:\/\/api.w.org\/{rel}","templated":true}]}}