{"id":69,"date":"2024-02-08T10:14:00","date_gmt":"2024-02-08T09:14:00","guid":{"rendered":"https:\/\/top5complements.com\/?page_id=69"},"modified":"2025-02-04T10:14:15","modified_gmt":"2025-02-04T09:14:15","slug":"a-propos","status":"publish","type":"page","link":"https:\/\/top5complements.com\/index.php\/a-propos\/","title":{"rendered":"\u00c0 propos"},"content":{"rendered":"\n<p>Chez Top5Complements.com, nous nous engageons \u00e0 vous aider \u00e0 prendre des d\u00e9cisions \u00e9clair\u00e9es concernant votre sant\u00e9. Compte tenu du grand nombre de compl\u00e9ments alimentaires disponibles sur le march\u00e9, il peut \u00eatre difficile de trouver celui qui convient.<\/p>\n\n\n\n<p>Notre \u00e9quipe de professionnels de la sant\u00e9 exp\u00e9riment\u00e9s \u00e9value minutieusement les compl\u00e9ments afin de vous proposer des analyses fond\u00e9es sur des donn\u00e9es scientifiques. Nous allons au-del\u00e0 des all\u00e9gations marketing et analysons les ingr\u00e9dients, l&rsquo;efficacit\u00e9, la s\u00e9curit\u00e9 et la valeur des produits afin de vous fournir les informations dont vous avez besoin pour faire un choix judicieux.<\/p>\n\n\n\n<p><strong>Pourquoi nous faire confiance ?<\/strong><\/p>\n\n\n\n<p>Examens men\u00e9s par des experts : Notre \u00e9quipe de professionnels de la sant\u00e9 met \u00e0 profit son expertise pour fournir des informations fiables et approfondies.<\/p>\n\n\n\n<p>Des informations fond\u00e9es sur la science : Chaque analyse est fond\u00e9e sur des donn\u00e9es probantes et se concentre sur ce qui fonctionne pour vous.<\/p>\n\n\n\n<p>Chez Top5Complements.com, nous ne nous contentons pas d&rsquo;examiner des compl\u00e9ments alimentaires, nous vous donnons les moyens de prendre votre sant\u00e9 en main en toute confiance.<\/p>\n","protected":false},"excerpt":{"rendered":"<p>Chez Top5Complements.com, nous nous engageons \u00e0 vous aider \u00e0 prendre des d\u00e9cisions \u00e9clair\u00e9es concernant votre sant\u00e9. Compte tenu du grand nombre de compl\u00e9ments alimentaires disponibles sur le march\u00e9, il peut \u00eatre difficile de trouver celui qui convient. Notre \u00e9quipe de professionnels de la sant\u00e9 exp\u00e9riment\u00e9s \u00e9value minutieusement les compl\u00e9ments afin de vous proposer des analyses<\/p>\n","protected":false},"author":1,"featured_media":0,"parent":0,"menu_order":0,"comment_status":"closed","ping_status":"closed","template":"","meta":{"om_disable_all_campaigns":false,"_monsterinsights_skip_tracking":false,"_monsterinsights_sitenote_active":false,"_monsterinsights_sitenote_note":"","_monsterinsights_sitenote_category":0,"footnotes":""},"class_list":["post-69","page","type-page","status-publish"],"aioseo_notices":[],"_links":{"self":[{"href":"https:\/\/top5complements.com\/index.php\/wp-json\/wp\/v2\/pages\/69","targetHints":{"allow":["GET"]}}],"collection":[{"href":"https:\/\/top5complements.com\/index.php\/wp-json\/wp\/v2\/pages"}],"about":[{"href":"https:\/\/top5complements.com\/index.php\/wp-json\/wp\/v2\/types\/page"}],"author":[{"embeddable":true,"href":"https:\/\/top5complements.com\/index.php\/wp-json\/wp\/v2\/users\/1"}],"replies":[{"embeddable":true,"href":"https:\/\/top5complements.com\/index.php\/wp-json\/wp\/v2\/comments?post=69"}],"version-history":[{"count":3,"href":"https:\/\/top5complements.com\/index.php\/wp-json\/wp\/v2\/pages\/69\/revisions"}],"predecessor-version":[{"id":124,"href":"https:\/\/top5complements.com\/index.php\/wp-json\/wp\/v2\/pages\/69\/revisions\/124"}],"wp:attachment":[{"href":"https:\/\/top5complements.com\/index.php\/wp-json\/wp\/v2\/media?parent=69"}],"curies":[{"name":"wp","href":"https:\/\/api.w.org\/{rel}","templated":true}]}}